culate the remainder when 3810 is divided by 3802.
8
Calculate the remainder when 8648 is divided by 410.
38
Calculate the remainder when 16046 is divided by 50.
46
Calculate the remainder when 17867 is divided by 303.
293
What is the remainder when 81552 is divided by 3883?
9
What is the remainder when 27309 is divided by 26?
9
What is the remainder when 16936 is divided by 173?
155
Calculate the remainder when 7115 is divided by 23.
8
Calculate the remainder when 1920 is divided by 953.
14
What is the remainder when 4386 is divided by 2187?
12
Calculate the remainder when 3737 is divided by 841.
373
Calculate the remainder when 1761 is divided by 150.
111
What is the remainder when 11928 is divided by 5913?
102
Calculate the remainder when 153564 is divided by 7675.
64
What is the remainder when 439444 is divided by 413?
12
What is the remainder when 23827 is divided by 37?
36
Calculate the remainder when 2241 is divided by 739.
24
What is the remainder when 8359 is divided by 2031?
235
What is the remainder when 31546 is divided by 10491?
73
Calculate the remainder when 551 is divided by 243.
65
What is the remainder when 6702 is divided by 1338?
12
Calculate the remainder when 149288 is divided by 301.
293
Calculate the remainder when 4607 is divided by 2119.
369
What is the remainder when 13402 is divided by 1775?
977
What is the remainder when 4421 is divided by 4381?
40
Calculate the remainder when 13584 is divided by 3070.
1304
What is the remainder when 404698 is divided by 76?
74
What is the remainder when 1080251 is divided by 12?
11
What is the remainder when 19891 is divided by 663?
1
What is the remainder when 7637 is divided by 44?
25
What is the remainder when 27219 is divided by 6803?
7
What is the remainder when 36417 is divided by 20?
17
What is the remainder when 22339 is divided by 57?
52
What is the remainder when 110001 is divided by 301?
136
Calculate the remainder when 273 is divided by 108.
57
What is the remainder when 4073 is divided by 431?
194
Calculate the remainder when 55991 is divided by 549.
542
What is the remainder when 188568 is divided by 324?
0
Calculate the remainder when 1956 is divided by 14.
10
What is the remainder when 3844 is divided by 481?
477
What is the remainder when 245374 is divided by 14?
10
What is the remainder when 307 is divided by 4?
3
What is the remainder when 213535 is divided by 19?
13
What is the remainder when 8582 is divided by 215?
197
What is the remainder when 249036 is divided by 103?
85
What is the remainder when 122057 is divided by 69?
65
Calculate the remainder when 63812 is divided by 12753.
47
Calculate the remainder when 112677 is divided by 66.
15
Calculate the remainder when 770 is divided by 31.
26
What is the remainder when 76546 is divided by 76525?
21
What is the remainder when 11802 is divided by 3783?
453
Calculate the remainder when 4013 is divided by 1106.
695
Calculate the remainder when 6265 is divided by 11.
6
What is the remainder when 3311143 is divided by 19?
13
Calculate the remainder when 17634 is divided by 36.
30
What is the remainder when 30629 is divided by 3?
2
Calculate the remainder when 118105 is divided by 537.
502
What is the remainder when 202495 is divided by 25311?
7
Calculate the remainder when 3824 is divided by 17.
16
Calculate the remainder when 2490 is divided by 312.
306
Calculate the remainder when 68084 is divided by 1016.
12
Calculate the remainder when 64107 is divided by 1146.
1077
What is the remainder when 4825 is divided by 80?
25
What is the remainder when 3127065 is divided by 42?
39
What is the remainder when 108699 is divided by 53?
49
Calculate the remainder when 19586 is divided by 4869.
110
Calculate the remainder when 4386 is divided by 41.
40
What is the remainder when 74615 is divided by 9?
5
Calculate the remainder when 19273 is divided by 64.
9
What is the remainder when 148252 is divided by 734?
718
Calculate the remainder when 19597 is divided by 42.
25
Calculate the remainder when 122357 is divided by 422.
399
What is the remainder when 205526 is divided by 390?
386
Calculate the remainder when 25429 is divided by 5084.
9
What is the remainder when 2485 is divided by 1020?
445
What is the remainder when 81061 is divided by 110?
101
What is the remainder when 55768 is divided by 26?
24
What is the remainder when 19716 is divided by 1096?
1084
What is the remainder when 132494 is divided by 196?
194
Calculate the remainder when 97494 is divided by 1354.
6
What is the remainder when 8985 is divided by 41?
6
Calculate the remainder when 15292 is divided by 803.
35
Calculate the remainder when 3060256 is divided by 81.
76
What is the remainder when 30080 is divided by 493?
7
What is the remainder when 543367 is divided by 28?
27
Calculate the remainder when 2206 is divided by 133.
78
Calculate the remainder when 561 is divided by 343.
218
What is the remainder when 5984 is divided by 544?
0
What is the remainder when 6829 is divided by 956?
137
What is the remainder when 75264 is divided by 40?
24
What is the remainder when 2199 is divided by 85?
74
What is the remainder when 76056 is divided by 213?
15
What is the remainder when 40429 is divided by 13400?
229
What is the remainder when 19243 is divided by 1598?
67
What is the remainder when 451060 is divided by 221?
220
What is the remainder when 13309 is divided by 668?
617
Calculate the remainder when 987 is divided by 180.
87
Calculate the remainder when 10204 is divided by 5102.
0
What is the remainder when 12667 is divided by 294?
25
Calculate the remainder when 55793 is divided by 130.
23
What is the remainder when 33896 is divided by 1059?
8
What is the remainder when 6887 is divided by 2285?
32
What is the remainder when 62149 is divided by 786?
55
What is the remainder when 17752 is divided by 1597?
185
What is the remainder when 79156 is divided by 40?
36
Calculate the remainder when 45918 is divided by 15293.
39
Calculate the remainder when 5183 is divided by 740.
3
Calculate the remainder when 8607 is divided by 12.
3
Calculate the remainder when 347756 is divided by 23183.
11
Calculate the remainder when 821219 is divided by 30.
29
What is the remainder when 53447 is divided by 25?
22
Calculate the remainder when 3444 is divided by 687.
9
What is the remainder when 47367 is divided by 7893?
9
What is the remainder when 230381 is divided by 17?
14
Calculate the remainder when 41532 is divided by 40.
12
What is the remainder when 1276 is divided by 238?
86
Calculate the remainder when 19865 is divided by 948.
905
What is the remainder when 39454 is divided by 18?
16
Calculate the remainder when 14874 is divided by 10.
4
Calculate the remainder when 2190668 is divided by 395.
393
Calculate the remainder when 84107 is divided by 361.
355
What is the remainder when 452669 is divided by 117?
113
What is the remainder when 26187 is divided by 45?
42
What is the remainder when 8243 is divided by 1274?
599
What is the remainder when 2813 is divided by 576?
509
Calculate the remainder when 5232 is divided by 801.
426
Calculate the remainder when 6683 is divided by 1670.
3
What is the remainder when 499967 is divided by 170?
167
What is the remainder when 10919 is divided by 2723?
27
Calculate the remainder when 578173 is divided by 162.
157
What is the remainder when 73048 is divided by 1919?
126
What is the remainder when 24904 is divided by 206?
184
Calculate the remainder when 501669 is divided by 26.
25
Calculate the remainder when 104426 is divided by 309.
293
What is the remainder when 14006 is divided by 42?
20
Calculate the remainder when 1622037 is divided by 20.
17
Calculate the remainder when 691 is divided by 58.
53
Calculate the remainder when 16328 is divided by 460.
228
What is the remainder when 81766 is divided by 17?
13
What is the remainder when 33553 is divided by 8386?
9
Calculate the remainder when 887 is divided by 18.
5
Calculate the remainder when 2078 is divided by 1012.
54
What is the remainder when 36316 is divided by 20?
16
Calculate the remainder when 61282 is divided by 66.
34
What is the remainder when 204885 is divided by 291?
21
What is the remainder when 2523 is divided by 158?
153
Calculate the remainder when 1651 is d